104?
-102
In base 14, what is 70d - -d?
71c
In base 5, what is -201 + -4?
-210
In base 5, what is 4 - 2411?
-2402
In base 5, what is 1020 + 4?
1024
In base 13, what is -4 - -152?
14b
In base 15, what is -2 + 28?
26
In base 8, what is -20 - -7?
-11
In base 6, what is 1345 - 3?
1342
In base 12, what is 336a + 3?
3371
In base 12, what is -2227 + -2?
-2229
In base 14, what is 5 + 1236?
123b
In base 10, what is -10 + -49?
-59
In base 3, what is 1010 - -100?
1110
In base 8, what is -3 - -231?
226
In base 12, what is -3 - -30b?
308
In base 6, what is 5 - -215?
224
In base 9, what is -1 + -272?
-273
In base 10, what is 41 - -10?
51
In base 10, what is -1016 - 10?
-1026
In base 2, what is -11100 - -10010?
-1010
In base 8, what is 0 - -14?
14
In base 15, what is 75 - -3?
78
In base 6, what is 1 + -51?
-50
In base 13, what is -2 + -2c7a?
-2c7c
In base 11, what is -141a + -5?
-1424
In base 3, what is 212 + 11?
1000
In base 5, what is 222 + 0?
222
In base 8, what is 244 + 2?
246
In base 8, what is 27453 + -5?
27446
In base 13, what is 11 + -a?
4
In base 5, what is -1 + 3031?
3030
In base 10, what is -362 + 3?
-359
In base 4, what is -12 - -13?
1
In base 6, what is -3 - -3255?
3252
In base 6, what is -15 - -3?
-12
In base 7, what is 1502 - -1?
1503
In base 13, what is -15 + -27?
-3c
In base 5, what is 3 + 113201?
113204
In base 8, what is -4011 - 5?
-4016
In base 5, what is 10 - 244?
-234
In base 8, what is -1722 + 7?
-1713
In base 10, what is 11 - -7?
18
In base 8, what is 4 - -101?
105
In base 15, what is 4e + 4?
53
In base 13, what is 171 + 9?
17a
In base 3, what is -10 + -1?
-11
In base 3, what is -12 + -10221020?
-10221102
In base 11, what is 4 - -46?
4a
In base 2, what is -1 + 110101?
110100
In base 16, what is 3 - 74?
-71
In base 16, what is -2d - -1?
-2c
In base 5, what is -333 - 2?
-340
In base 4, what is 13 - -33310?
33323
In base 12, what is 140 - 0?
140
In base 3, what is 2111101 + 110?
2111211
In base 8, what is -51 - 233?
-304
In base 10, what is 3939 + 7?
3946
In base 11, what is 28 + 115?
142
In base 16, what is c + 6e?
7a
In base 7, what is 3555 + 0?
3555
In base 2, what is 101110000000 - 11?
101101111101
In base 5, what is 0 + 21121?
21121
In base 11, what is -1 - 365?
-366
In base 9, what is 1507 - -5?
1513
In base 4, what is 0 - 1003?
-1003
In base 11, what is 5 + -32?
-28
In base 9, what is 21 + 1?
22
In base 9, what is 5 - -1538?
1544
In base 12, what is -432 + 2?
-430
In base 12, what is -17 + -93?
-aa
In base 12, what is -a - 4?
-12
In base 4, what is 2 + 223?
231
In base 14, what is 1b2c - -5?
1b33
In base 16, what is -b + -18?
-23
In base 14, what is 16c + -b?
161
In base 14, what is a + -6?
4
In base 14, what is 3a6 + 1?
3a7
In base 10, what is 7586 + 3?
7589
In base 16, what is f2 + -2?
f0
In base 10, what is -54 + -5?
-59
In base 2, what is 11010 - 10010101010?
-10010010000
In base 4, what is 1223 + 2?
1231
In base 3, what is 0 - 100211220?
-100211220
In base 4, what is 303 + -10?
233
In base 2, what is -11100 + 11?
-11001
In base 5, what is -132 - -122?
-10
In base 14, what is ba + -16?
a4
In base 6, what is -223 + -41?
-304
In base 2, what is 10100011 + 100?
10100111
In base 13, what is 290 + -4?
289
In base 7, what is 12 - -46?
61
In base 8, what is 7 + 723?
732
In base 6, what is 24 + -200?
-132
In base 4, what is 0 + 233?
233
In base 12, what is 1489 + -4?
1485
In base 16, what is 10 + 0?
10
In base 16, what is -2 + 1f5a?
1f58
In base 4, what is 2221 - 1?
2220
In base 14, what is -b4 - -2?
-b2
In base 4, what is -300 + -12?
-312
In base 7, what is -5 - -13?
5
In base 13, what is -5 - 10bb?
-10c3
In base 2, what is 11 + -1100010?
-1011111
In base 12, what is -5 - -28a?
285
In base 4, what is 3 - -12021?
12030
In base 8, what is -2 + 363?
361
In base 10, what is 1770 - 1?
1769
In base 11, what is 921 + -1?
920
In base 10, what is 64 - 11?
53
In base 12, what is -1 + 271?
270
In base 5, what is -141 - 13?
-204
In base 8, what is 3756 - 4?
3752
In base 10, what is -7163 - 5?
-7168
In base 2, what is 110 - -11101?
100011
In base 10, what is 16101 - 0?
16101
In base 13, what is 46 + -3?
43
In base 8, what is 3 - 356?
-353
In base 12, what is 1a6 - 3?
1a3
In base 11, what is 4 + 92?
96
In base 14, what is 4 - -10?
14
In base 14, what is -c - 21?
-2d
In base 6, what is 3 + 3020?
3023
In base 14, what is 5 + 438?
43d
In base 2, what is 111010100 + 10?
111010110
In base 16, what is -2 + -390?
-392
In base 4, what is -2 + 13321?
13313
In base 3, what is -101022 + 21?
-101001
In base 16, what is -5aa + 8?
-5a2
In base 2, what is 10101000100 + -100?
10101000000
In base 4, what is 10 + 21?
31
In base 11, what is 4 + -66?
-62
In base 6, what is -10 + -124?
-134
In base 9, what is 6 + -5?
1
In base 8, what is -4 + 120?
114
In base 5, what is 140 + 2013?
2203
In base 8, what is 4 + -163?
-157
In base 5, what is 30 - 11401?
-11321
In base 12, what is 1b6 + -1?
1b5
In base 5, what is -1 - 1441?
-1442
In base 16, what is 0 + -2b?
-2b
In base 5, what is 3 - -1?
4
In base 12, what is 3 + 1a3?
1a6
In base 2, what is -11110111001 + -10?
-11110111011
In base 15, what is 0 + 9?
9
In base 13, what is -48 + c?
-39
In base 13, what is 164 - -4?
168
In base 11, what is 5 + 63?
68
In base 10, what is -114 - -2?
-112
In base 2, what is 1111011100010 + 101?
1111011100111
In base 11, what is 5221 - 2?
521a
In base 4, what is -3 - -103?
100
In base 6, what is 1301 + 2?
1303
In base 5, what is 4 + -101024?
-101020
In base 12, what is 2 - -294?
296
In base 11, what is 5 + -202?
-1a8
In base 11, what is -215 + 6?
-20a
In base 7, what is 30 - -1?
31
In base 5, what is 340 - 1?
334
In base 6, what is 24 - -22430?
22454
In base 2, what is 1 + -11111010?
-11111001
In base 8, what is 3 + -662?
-657
In base 2, what is -1000110100 - 11011?
-1001001111
In base 4, what is -12 - -3011?
2333
In base 3, what is -11 - 221020?
-221101
In base 8, what is 4 - 45?
-41
In base 15, what is 2 + -38?
-36
In base 5, what is -3 - 20?
-23
In base 11, what is 3 - -50?
53
In base 7, what is 1 - 2?
-1
In base 11, what is -3 - 2578?
-2580
In base 5, what is 10 - -42030?
42040
In base 9, what is -144 + -4?
-148
In base 15, what is 80b + -3?
808
In base 4, what is -22022 - 0?
-22022
In base 11, what is -9 + -87?
-95
In base 9, what is 1 - 1872?
-1871
In base 16, what is -29 - ca?
-f3
In base 4, what is 13130 + -1?
13123
In base 8, what is -115 + 125?
10
In base 2, what is -11110111110110 - -101?
-11110111110001
In base 12, what is -501 - -2b?
-492
In base 4, what is -1020222 + 1?
-1020221
In base 3, what is -1012 - -1?
-1011
In base 3, what is -110212 + -12?
-111001
In base 4, what is 13 + 1201?
1220
In base 14, what is -20 - -7?
-17
In base 4, what is -12 + -13?
-31
In base 14, what is 6 - -c2?
c8
In base 7, what is 1 + -2?
-1
In base 8, what is -25 + -3?
-30
In base 8, what is -1041 - -4?
-1035
In base 10, what is 44 - 68?
-24
In base 10, what is -98 - 5?
-103
In base 12, what is -54a + -2?
-550
In base 11, what is -240 - -8?
-233
In base 7, what is -461 + -1?
-462
In base 4, what is -31 + -12?
-103
In base 11, what is 82 - -1?
83
In base 4, what is 102102 + 0?
102102
In base 6, what is -11 + 221?
210
In base 10, what is 4 + 963?
967
In base 8, what is -23 + -1?
-24
In base 12, what is -a3 - 10?
-b3
In base 7, what is -3 + -30?
-33
In base 4, what is 2133 + 10?
2203
In base 11, what is 2398 + 0?
2398
In base 11, what is 151a - 3?
1517
In base 10, what is -11 - 8?
-19
In base 14, what is 3 - -2db?
300
In base 8, what is -1 - 15?
-16
In base 16, what is -1 - -86?
85
In base 4, what is 1011100 + 11?
1011111
In base 8, what is -5 - 430?
-435
In base 2, what is 10 + 10101111?
10110001
In base 14, what is 1 + -3bd?
-3bc
In base 16, what is 3 - 7d3?
-7d0
In base 9, what is -3046 - -1?
-3045
In base 7, what is -113 + -2?
-115
In base 12, what is 83b + 4?
843
In base 10, what is 5 + -111?
-106
In base 7, what is -1 - 24?
-25
In base 12, what is 9 - 33?
-26
In base 10, what is -2 + 249?
247
In base 3, what is 10211211 + -12?
10211122
In base 3, what is 100210 + 12?
100222
In base 14, what is -63 - -4?
-5d
In base 16, what is ce - f?
bf
In base 16, what is -1 - -43?
42
In base 3, what is -10 + 111?
101
In base 16, what is 5 + -32?
-2d
In base 14, what is 163d - -5?
1644
In base 7, what is 650 +